8225 (base 14) to base 13.
62188
What is 4be4db (base 15) in base 2?
1101111001010101101011
Convert 8771758 (base 9) to base 6.
244555255
Convert 608727 (base 12) to base 11.
93a968
-302222131 (base 4) to base 15
-41747
What is -1161021 (base 13) in base 10?
-5371692
-1063980 (base 16) to base 5
-13344411102
11011011001100011011100 (base 2) to base 13
1646344
What is -13d87 (base 15) in base 12?
-30b0a
Convert 23001023233 (base 4) to base 7.
33360040
What is 11555 (base 10) in base 11?
8755
Convert 212210100202 (base 3) to base 5.
104441111
Convert -525304303 (base 6) to base 14.
-131c607
Convert -161126305 (base 7) to base 14.
-1625275
What is 734645 (base 8) in base 14?
64d81
Convert 8d95e (base 16) to base 8.
2154536
What is 17aa67 (base 14) in base 10?
836227
What is 11403151 (base 7) in base 10?
1009534
What is 1001001111100101 (base 2) in base 11?
2649a
266507 (base 10) to base 9
445518
82652 (base 12) to base 14
460a2
Convert -8c2b6 (base 14) to base 12.
-145288
Convert -1382a (base 16) to base 3.
-11001121210
Convert -ed0e14 (base 15) to base 16.
-ac4f80
Convert 101000010010101110 (base 2) to base 15.
33d78
What is -3ba606 (base 12) in base 13?
-289b2a
-214440413 (base 5) to base 12
-39229b
Convert -1143400322 (base 5) to base 3.
-12002222020221
Convert 10112010022 (base 3) to base 11.
48110
What is -101540 (base 8) in base 13?
-12401
Convert -11003213031 (base 4) to base 2.
-101000011100111001101
Convert -245d9 (base 14) to base 7.
-520262
-372550 (base 8) to base 14
-34ac8
Convert 61166133 (base 7) to base 14.
967ac3
8383c5 (base 14) to base 16
43c1e9
-1a6a38 (base 11) to base 4
-1031110122
Convert -225e4 (base 15) to base 10.
-109339
What is -e3eb9 (base 15) in base 6?
-23251303
What is -89ae4 (base 16) in base 6?
-20030500
What is 28d95b (base 14) in base 15?
1d0d48
Convert -134201334 (base 5) to base 2.
-10101001011011010001
What is -547581 (base 14) in base 13?
-793244
3223220130 (base 4) to base 9
1730836
-2640600 (base 8) to base 6
-23451040
b646 (base 16) to base 14
13010
Convert 565811 (base 9) to base 12.
14416a
What is 127070 (base 9) in base 11?
53117
What is -633a97 (base 13) in base 8?
-10666666
Convert -124db (base 14) to base 15.
-d471
88e0d (base 15) to base 10
435163
211233433 (base 5) to base 6
30534454
Convert -33421323 (base 5) to base 15.
-5c70d
What is 2032223300 (base 4) in base 10?
584432
-1a086 (base 11) to base 8
-66615
2199346 (base 10) to base 9
4121837
Convert -514085 (base 10) to base 9.
-863165
Convert -1b9200 (base 16) to base 8.
-6711000
Convert -2154124 (base 7) to base 12.
-109811
73849 (base 15) to base 6
11504053
189832 (base 12) to base 3
210220212002
-569b5 (base 12) to base 5
-12143411
65974 (base 11) to base 7
545632
-161414 (base 9) to base 6
-2044321
Convert -33234101 (base 7) to base 2.
-1010111011101010010111
What is -52a48d (base 14) in base 5?
-1203404201
What is -10101101010010110 (base 2) in base 7?
-516451
-22032112 (base 6) to base 16
-a088c
-163135 (base 7) to base 9
-48287
What is 19647 (base 15) in base 3?
11012001111
Convert -100100001110110010111 (base 2) to base 6.
-41240223
-142b0b (base 13) to base 4
-1320010121
-14301742 (base 8) to base 10
-3245026
-10221313310 (base 4) to base 9
-2258568
What is -1961f (base 16) in base 15?
-20c12
What is -2470443 (base 8) in base 3?
-1021202201022
1303314 (base 6) to base 5
4231000
What is 401131424 (base 5) in base 14?
2d3056
What is -3064312 (base 11) in base 9?
-11152623
What is -4253a (base 14) in base 5?
-20111214
What is -2df02 (base 16) in base 12?
-90a82
Convert 164322 (base 8) to base 9.
100674
What is 2031214420 (base 5) in base 6?
225124315
1001314331 (base 5) to base 2
111100011001111001101
What is -a1545 (base 13) in base 2?
-1000110011111000101
Convert -1230336 (base 7) to base 16.
-26bb0
Convert 300a28 (base 13) to base 15.
170838
-4226166 (base 7) to base 10
-511167
-a3903 (base 11) to base 13
-53c56
Convert 64a64 (base 11) to base 7.
542236
234733 (base 12) to base 4
2022220113
Convert -214191 (base 16) to base 13.
-5b403a
What is -11050441 (base 7) in base 14?
-1ab658
-40bfc4 (base 16) to base 8
-20137704
2134350 (base 7) to base 8
775376
-1061330 (base 8) to base 6
-10054440
2115252 (base 10) to base 6
113200500
Convert 2e5bee (base 16) to base 3.
12201100121120
Convert -34454143 (base 7) to base 12.
-101895a
1011100110011 (base 2) to base 5
142224
-120202101 (base 3) to base 5
-331420
Convert 2103002322 (base 4) to base 9.
1117170
-212024154 (base 6) to base 4
-32100013012
What is -515334 (base 6) in base 5?
-2311021
-24553031 (base 6) to base 11
-4a1486
707303 (base 9) to base 11
26662a
Convert 8677808 (base 9) to base 7.
54405512
Convert -113321403 (base 5) to base 7.
-4321631
71dc3 (base 16) to base 14
c1d63
33b36 (base 16) to base 3
101202111012
Convert 1254376 (base 9) to base 3.
1021211102120
Convert 47c2ce (base 15) to base 12.
119684b
-3613571 (base 9) to base 14
-38d6d4
51918 (base 12) to base 7
623102
What is 9831b (base 16) in base 6?
21210015
Convert 6bd5 (base 14) to base 13.
8739
What is -4bc5 (base 14) in base 8?
-31771
Convert -166052 (base 8) to base 6.
-1143522
What is 101111100000111000 (base 2) in base 9?
325860
1790189 (base 10) to base 6
102211525
1833407 (base 10) to base 6
103143555
121001211001 (base 3) to base 5
40110002
26d0ae (base 15) to base 3
10111211102002
What is 64a88 (base 11) in base 9?
153533
What is -53548 (base 9) in base 15?
-a77b
What is -7a484 (base 11) in base 13?
-40c7a
113970 (base 10) to base 7
653163
Convert 584c79 (base 14) to base 11.
1776408
Convert 330040100 (base 6) to base 2.
10110011100011111100100
Convert 28a944 (base 12) to base 4.
2212203010
173a9a (base 11) to base 3
111122210102
Convert 2100210222101 (base 3) to base 11.
788764
What is -397093 (base 10) in base 13?
-10b988
-81623 (base 13) to base 3
-102202212112
What is -11114363 (base 7) in base 16?
-eadac
What is -416605 (base 8) in base 15?
-2b11e
1654144 (base 8) to base 6
14152340
1131002020 (base 4) to base 9
640644
Convert 5737562 (base 10) to base 8.
25706132
What is -154579 (base 13) in base 15?
-a5321
Convert -6c2d4 (base 15) to base 12.
-147717
What is 4002011040 (base 5) in base 15?
a4e480
What is 676aa (base 16) in base 14?
b052a
What is -1000011000000101111 (base 2) in base 7?
-2222142
What is 14cd7 (base 14) in base 15?
105c3
What is 102106240 (base 7) in base 11?
3441260
What is 1a8352 (base 11) in base 8?
1156101
Convert -4114163 (base 8) to base 7.
-12146566
-1531476 (base 9) to base 13
-238998
Convert -682362 (base 9) to base 6.
-12431215
334500403 (base 6) to base 12
2064703
Convert -1207178 (base 10) to base 2.
-100100110101110001010
Convert -2c5005 (base 15) to base 3.
-11000212211012
-213322344 (base 5) to base 16
-dfee8
What is 21b49 (base 15) in base 6?
2144053
Convert 3a247 (base 11) to base 7.
326500
What is 101343214 (base 5) in base 10?
418559
-1320334213 (base 5) to base 10
-3293058
-65404 (base 16) to base 7
-3345052
What is 14310113 (base 5) in base 7?
1165144
19481 (base 12) to base 14
d681
-2732097 (base 13) to base 14
-18d41b8
a656b (base 12) to base 2
110101010110100011
What is 1584686 (base 10) in base 2?
110000010111000101110
Convert -1141301040 (base 5) to base 7.
-31535323
What is 1101101001100010000 (base 2) in base 4?
1231030100
Convert 2271d7 (base 15) to base 12.
673504
3bb1a (base 13) to base 5
12033412
Convert 411413334 (base 5) to base 4.
12113223110
What is -11111110100100100011 (base 2) in base 14?
-1d2003
2557e4 (base 15) to base 3
10100222011021
2b27a (base 15) to base 4
201322330
What is 96b15 (base 12) in base 14?
52533
50364600 (base 7) to base 16
3fd890
Convert -5bbaa3 (base 12) to base 14.
-2ac067
What is -221232200022 (base 4) in base 3?
-202120201122010
Convert -103012023 (base 4) to base 12.
-39323
What is 46363502 (base 7) in base 14?
77bba9
-39b3a9 (base 12) to base 16
-e8971
-13749 (base 10) to base 5
-414444
Convert -266761 (base 10) to base 3.
-111112221001
Convert -1343401 (base 5) to base 4.
-12311020
-458777 (base 9) to base 14
-72566
What is 1437202 (base 9) in base 12?
32280b
-78246f (base 16) to base 10
-7873647
Convert 23631 (base 10) to base 12.
11813
What is -163271 (base 8) in base 15?
-1277a
What is 190b1 (base 12) in base 2?
10001